 -86 = -12*z + v*z. List the prime factors of z.
43
Suppose g + 4 = m + 2*g, -2*m + 16 = 4*g. Suppose m = 3*q - 3*f - 30 - 0, -f = 4*q - 40. What are the prime factors of q?
2, 5
Suppose 0 = -u + 3, 2*w + 3*u + 50 = 325. Suppose -n - 3*j = -w, -3*n + 369 = 7*j - 4*j. What are the prime factors of n?
2, 59
Let h = -13 + 78. Suppose -t + 15 = -5*g - 47, t - 2*g - h = 0. List the prime factors of t.
67
Suppose 0 = -2*l + 4*n + 1486, 4*l - 4*n + 787 = 3739. What are the prime factors of l?
733
Let m = 26 - 17. Let y = m + -24. List the prime factors of 3/y + (-26)/(-5).
5
Let n(h) = -24*h**2 - 2*h - 2. Let o be n(-1). Let j be (91/(-26))/(2/o). Suppose -4*r + 2*r = -j. What are the prime factors of r?
3, 7
Suppose -3512 = -4*k - 6*v + v, 4*k - 2*v - 3512 = 0. List the prime factors of k.
2, 439
List the prime factors of 122*(13/1 + -6 + 10).
2, 17, 61
Let x(v) = -v**3 + 12*v**2 + 7*v - 7. List the prime factors of x(9).
13, 23
Suppose -1911 = -6*t + 837. List the prime factors of t.
2, 229
Let t(m) = 25*m**2 + 2*m + 24. List the prime factors of t(-5).
3, 71
Suppose 3*n - 1536 = -108. Suppose 19*u - 15*u - n = 0. List the prime factors of u.
7, 17
Suppose -131 - 211 = -o. Suppose 22 = 4*m - o. List the prime factors of m.
7, 13
Suppose -x + 8172 = 2*a, 9*a = 4*a + 5*x + 20445. What are the prime factors of a?
61, 67
Let q = -7 + 37. Suppose -q*t = -28*t - 208. List the prime factors of t.
2, 13
Let j(y) = -19*y + 1. Let i be j(1). Let x = i - -26. List the prime factors of x.
2
Suppose 5*o + 3*z - 8*z = 85, -2*o - 5*z + 20 = 0. Suppose -3*r - o = 0, 0*w + 4*r - 27 = -w. Let b = -29 + w. List the prime factors of b.
2, 3
Let j = -254 - -594. Let i = j - 187. Suppose 4*m = m + i. What are the prime factors of m?
3, 17
Suppose 39*q = 639 + 68742. List the prime factors of q.
3, 593
Suppose -5*d = 2*w + 522 + 56, 2*w - 2 = 0. Let n = 230 + d. List the prime factors of n.
2, 3, 19
Suppose -40 = -4*a - 5*q, 0*q + 3*q = 3*a - 3. Suppose -a*f + 4*f = -250. List the prime factors of f.
2, 5
Suppose 0 = -4*x + 5 + 11. Suppose -2*b + 93 = 25. What are the prime factors of x + -3 + b + 0?
5, 7
Suppose -2*k - 3*k = -k. Suppose 2*z - 4*z + 76 = k. List the prime factors of z.
2, 19
Suppose 5*s - c = 565, -24*c = 4*s - 25*c - 452. List the prime factors of s.
113
What are the prime factors of 4/(-2 + 45000/22476)?
1873
Suppose 909*y - 898*y - 42306 = 0. What are the prime factors of y?
2, 3, 641
Suppose 2*h + 5*y - 84 = 0, -y + 241 = 5*h - 4*y. Suppose 0 = -7*a + 198 + h. What are the prime factors of a?
5, 7
Suppose 4*d - 2*d - 92 = 0. Let h = d - -47. List the prime factors of h.
3, 31
Let n(x) = 3*x - 1. Let k(w) = -w**2 + w + 7. Let l be k(-3). Let m = 17 + l. What are the prime factors of n(m)?
5, 7
Let j = 2 + -33. Let f = j - -40. What are the prime factors of f?
3
Suppose g = 4*p - 17 + 5, g = -4*p + 4. Suppose 3*b = -k + 2, -2*k + 4 = -0*b - p*b. Suppose k*j + 3 = 5*j, -2*j - 52 = -3*q. List the prime factors of q.
2, 3
Let c(l) = -391*l + 37. List the prime factors of c(-1).
2, 107
Let y(h) be the first derivative of 77*h**3/3 - h + 7. List the prime factors of y(1).
2, 19
Suppose j = -2*z + 3285, 9*j = 2*z + 13*j - 3294. List the prime factors of z.
3, 547
Let z(f) = -f**2 - 16*f - 2. Let w be z(-6). Let u = w + -6. List the prime factors of u.
2, 13
Let t = -30 + 54. Let r = -22 + t. Suppose -144 = -r*j - j. What are the prime factors of j?
2, 3
Let f(p) = -p + 2. Let d(v) = -4*v**2 - v + 2. Let c be d(2). What are the prime factors of f(c)?
2, 3
Let n be (-2)/5 - 136/(-40). Let o(u) = -u + 3 - 11*u**3 + 6*u**2 + 16*u**3 - 6*u**n. What are the prime factors of o(4)?
31
Suppose -2*f + 16 = i, 0*f - i - 29 = -3*f. Suppose -4*q - f + 1 = 0. What are the prime factors of (-31)/q*(0 + 2)?
31
Let p be (-306)/(-22) + (-30)/(-330). Let b = 37 - 18. Let m = p + b. List the prime factors of m.
3, 11
Suppose 3*z = -0*z. Suppose 0*d + 4*d + 16 = z, -4*d = -3*x - 2. Let k = 0 - x. What are the prime factors of k?
2, 3
Suppose 18*f - 9*f = 756. List the prime factors of f.
2, 3, 7
Let c(k) = 64*k - 223. List the prime factors of c(37).
3, 5, 11, 13
Suppose 3*u - 30 = 6*u. Let b = -1 - 1. List the prime factors of 52/u*5/b.
13
Let l(f) = f**3 + f**2 - f + 152. Suppose -q - 2*q + 8*q = 0. What are the prime factors of l(q)?
2, 19
Suppose -5*c - 70 + 530 = n, 0 = 3*n. List the prime factors of c.
2, 23
Let j be 5068/(-70) + 4/10. Let s = j + 160. What are the prime factors of s?
2, 11
Suppose -166*t = -155*t - 12496. What are the prime factors of t?
2, 71
Let h(a) = 2*a + 10. Let k be h(-2). What are the prime factors of (k/(36/1830))/1?
5, 61
Suppose 13*s - 1120 = 33*s. Let w = s - -191. List the prime factors of w.
3, 5
Let l = -5 + 28. Suppose -l = -z + 28. List the prime factors of z.
3, 17
Suppose 0 = 3*c - c - 3*y - 14, 3*c = 5*y + 22. Suppose 0*n = 2*t + c*n - 78, t - n - 30 = 0. What are the prime factors of t - 2 - 2/(-1)?
3, 11
Suppose 6*c + 13 = -2*q + c, -5*q + 10 = 4*c. Let o = 11 - q. Suppose 0 = -o*f - 5*r + 215, -3*f - 2*r = 3*r - 129. List the prime factors of f.
43
Suppose 0 = -60*q + 1350 + 1170. List the prime factors of q.
2, 3, 7
Let w(l) = 6*l**2 + l - 32. List the prime factors of w(11).
3, 5, 47
Let i(d) = -3 + 62*d - 69*d + 7. Let c(v) = 2*v + 10. Let x be c(-7). What are the prime factors of i(x)?
2
Let a(h) = 17*h + 11. Let f(p) = -p**2 + 18*p + 10. Let c(s) = 2*a(s) - 3*f(s). List the prime factors of c(9).
5, 11
Suppose 16 = 3*a + 1. What are the prime factors of (-173)/(-5) + 2/a?
5, 7
Suppose -21*j + 2436 = -3276. What are the prime factors of j?
2, 17
Let y(t) be the third derivative of 0 + 0*t + 7/6*t**3 + 1/2*t**4 - 9*t**2. List the prime factors of y(5).
67
Let x be (-35 - -10) + 1*4. Let j = -19 - x. Let i = j - -45. List the prime factors of i.
47
Suppose 0 = -n + 7 + 1. Suppose 0 = 3*a - 5*a - n. List the prime factors of 13 + a/6*6.
3
Suppose 0 = -5*k - 4*x + 67, -2*k + x + 34 = 5*x. Suppose -k = -p - 7. Suppose -p*y - 2*i = -28, y + i = -3*y + 26. List the prime factors of y.
2, 3
Suppose 5574 = -705*d + 708*d. What are the prime factors of d?
2, 929
Suppose c - 4*m - 307 = 0, 6*m = -4*c + 2*m + 1168. List the prime factors of c.
5, 59
Let z = 48 + -41. Suppose 925 = 5*l + 4*i, -5*l + z*l = i + 370. What are the prime factors of l?
5, 37
What are the prime factors of (-82269)/(-495)*10/((-2)/(-2))?
2, 3, 277
Let s = -215 + 273. Let z = -6 + 11. Suppose 0 = -z*v + 7*v - s. List the prime factors of v.
29
Suppose 5*y + 5*l = 19535, -y = -41*l + 43*l - 3908. What are the prime factors of y?
2, 3, 7, 31
Let b(o) = o**3 - 13*o**2 + 89*o + 19. List the prime factors of b(13).
2, 3, 7
Suppose -3*j = -j - 150. Let a = j - -4. List the prime factors of a.
79
List the prime factors of (-8030)/11*-4*3/30.
2, 73
Let y(b) = 7*b - 14. Let i be y(2). Suppose 3*l - 4*o - 373 = i, 10 = -0*o + 2*o. List the prime factors of l.
131
Let i = 96 + -63. Suppose 3*q + g = 76, 4*q + i - 151 = 2*g. What are the prime factors of q?
3
Let g = 41 + -39. List the prime factors of 2 + -3 - -18 - (-1 - g).
2, 5
Let i(f) = 2*f**2 - 6*f + 8. Let n(w) be the second derivative of w**3/6 - 5*w**2/2 - 6*w. Let u be n(11). What are the prime factors of i(u)?
2, 11
Suppose -3*z - 64 = -451. Let r = -100 + z. What are the prime factors of r?
29
Suppose 71*t - 68*t = 3. Let y(v) = 251*v**2 - 3*v + 3. What are the prime factors of y(t)?
251
Suppose -2*p - 122 = -4*f - 1346, 3*p - 4*f - 1832 = 0. List the prime factors of p.
2, 19
Let u be (-4)/4*-2 - -9. Suppose -9*z + u*z = 192. List the prime factors of z.
2, 3
Let t(p) = -p + 18. Let q be t(10). Suppose 4*m + 0 = q. Suppose -14 = -c + 2*o + m, -3*c + o + 48 = 0. What are the prime factors of c?
2
List the prime factors of (2 - 0)*(7 + (-1043)/(-14)).
163
Suppose -15 = 3*i - 6*i, g - i = 867. What are the prime factors of g?
2, 109
List the prime factors of (-547)/(1*(-2 + 1 - 0)).
547
Suppose 2*d + 2*f = 5826, 0 = 3*d + f + 3*f - 8743. What are the prime factors of d?
2909
Let w = 197 + -57. Suppose 12*z + w = 17*z. What are the prime factors of z?
2, 7
Let z(q) = 70*q + 471. What are the prime factors of z(34)?
2851
Suppose -40*y = -37*y + 192. List the prime factors of y/(3/(-2) - -1).
2
Suppose 2*n + 3 = -29